mainder when 322728 is divided by 9.
6
What is the remainder when 35482 is divided by 611?
44
What is the remainder when 17658 is divided by 152?
26
What is the remainder when 23420 is divided by 1676?
1632
Calculate the remainder when 161342 is divided by 64.
62
What is the remainder when 8113 is divided by 39?
1
Calculate the remainder when 1931 is divided by 103.
77
What is the remainder when 7692 is divided by 77?
69
Calculate the remainder when 26285 is divided by 2.
1
Calculate the remainder when 139602 is divided by 304.
66
Calculate the remainder when 15454 is divided by 5147.
13
What is the remainder when 26939 is divided by 8976?
11
Calculate the remainder when 63240 is divided by 614.
612
Calculate the remainder when 1309592 is divided by 13.
11
What is the remainder when 8010 is divided by 986?
122
Calculate the remainder when 4303 is divided by 4281.
22
What is the remainder when 381 is divided by 61?
15
What is the remainder when 5914 is divided by 5897?
17
What is the remainder when 2023 is divided by 413?
371
Calculate the remainder when 1062 is divided by 35.
12
Calculate the remainder when 48400 is divided by 242.
0
What is the remainder when 3871 is divided by 1915?
41
What is the remainder when 2734928 is divided by 1034?
1032
Calculate the remainder when 4522 is divided by 1487.
61
Calculate the remainder when 15086 is divided by 50.
36
Calculate the remainder when 26783 is divided by 2666.
123
Calculate the remainder when 1398218 is divided by 79.
76
Calculate the remainder when 115112 is divided by 12783.
65
Calculate the remainder when 4591 is divided by 1493.
112
Calculate the remainder when 2662 is divided by 241.
11
What is the remainder when 4828 is divided by 4792?
36
What is the remainder when 16341 is divided by 25?
16
Calculate the remainder when 3264 is divided by 661.
620
What is the remainder when 79811 is divided by 2157?
2
Calculate the remainder when 10111 is divided by 3368.
7
What is the remainder when 578 is divided by 169?
71
What is the remainder when 19039 is divided by 1360?
1359
What is the remainder when 532713 is divided by 17757?
3
What is the remainder when 35200 is divided by 35180?
20
What is the remainder when 26597 is divided by 8864?
5
Calculate the remainder when 5603 is divided by 1662.
617
What is the remainder when 42177 is divided by 10?
7
What is the remainder when 726675 is divided by 3?
0
What is the remainder when 7481 is divided by 3589?
303
What is the remainder when 8623 is divided by 241?
188
What is the remainder when 2210 is divided by 721?
47
Calculate the remainder when 14888 is divided by 7422.
44
What is the remainder when 1703 is divided by 33?
20
What is the remainder when 9007 is divided by 2249?
11
What is the remainder when 6407 is divided by 797?
31
Calculate the remainder when 8122 is divided by 7323.
799
Calculate the remainder when 2545 is divided by 535.
405
Calculate the remainder when 63452 is divided by 621.
110
What is the remainder when 4933 is divided by 56?
5
Calculate the remainder when 25312 is divided by 8426.
34
What is the remainder when 14730 is divided by 1227?
6
What is the remainder when 301666 is divided by 60329?
21
What is the remainder when 441974 is divided by 15?
14
Calculate the remainder when 1218 is divided by 196.
42
What is the remainder when 62049 is divided by 35?
29
What is the remainder when 1400 is divided by 490?
420
What is the remainder when 215127 is divided by 16?
7
Calculate the remainder when 350351 is divided by 17.
15
Calculate the remainder when 569282 is divided by 28464.
2
What is the remainder when 30270 is divided by 585?
435
Calculate the remainder when 910 is divided by 834.
76
What is the remainder when 211 is divided by 115?
96
Calculate the remainder when 3311 is divided by 278.
253
What is the remainder when 125829 is divided by 332?
1
What is the remainder when 14272 is divided by 596?
564
Calculate the remainder when 18259 is divided by 228.
19
What is the remainder when 9617 is divided by 3190?
47
What is the remainder when 10998 is divided by 262?
256
What is the remainder when 246402 is divided by 41?
33
Calculate the remainder when 9185 is divided by 121.
110
What is the remainder when 8616 is divided by 858?
36
Calculate the remainder when 5932 is divided by 20.
12
What is the remainder when 1019 is divided by 211?
175
Calculate the remainder when 3013397 is divided by 28.
9
Calculate the remainder when 1071646 is divided by 6.
4
What is the remainder when 80965 is divided by 6227?
14
What is the remainder when 2977 is divided by 64?
33
What is the remainder when 7645 is divided by 586?
27
What is the remainder when 7815 is divided by 13?
2
Calculate the remainder when 569863 is divided by 33521.
6
What is the remainder when 6152 is divided by 2014?
110
What is the remainder when 440237 is divided by 222?
11
What is the remainder when 257023 is divided by 500?
23
What is the remainder when 40080 is divided by 17?
11
Calculate the remainder when 9246 is divided by 55.
6
Calculate the remainder when 178580 is divided by 82.
66
What is the remainder when 67470 is divided by 153?
150
What is the remainder when 15558 is divided by 30?
18
Calculate the remainder when 17628 is divided by 139.
114
What is the remainder when 14796 is divided by 141?
132
What is the remainder when 431584 is divided by 19?
18
What is the remainder when 505 is divided by 267?
238
Calculate the remainder when 1425643 is divided by 109664.
11
Calculate the remainder when 453391 is divided by 51.
1
What is the remainder when 510570 is divided by 6994?
8
Calculate the remainder when 319209 is divided by 79802.
1
What is the remainder when 124555 is divided by 98?
95
Calculate the remainder when 30899 is divided by 4412.
15
Calculate the remainder when 1689 is divided by 556.
21
What is the remainder when 4219 is divided by 601?
12
What is the remainder when 105199 is divided by 5009?
10
What is the remainder when 2748 is divided by 133?
88
What is the remainder when 4190 is divided by 54?
32
What is the remainder when 12346 is divided by 28?
26
Calculate the remainder when 782975 is divided by 1077.
1073
What is the remainder when 12667 is divided by 412?
307
What is the remainder when 69097 is divided by 195?
67
Calculate the remainder when 232 is divided by 30.
22
Calculate the remainder when 631 is divided by 126.
1
Calculate the remainder when 2634 is divided by 2620.
14
What is the remainder when 15856 is divided by 480?
16
What is the remainder when 16374 is divided by 52?
46
Calculate the remainder when 2374 is divided by 718.
220
Calculate the remainder when 2851 is divided by 114.
1
Calculate the remainder when 2489 is divided by 87.
53
Calculate the remainder when 6850 is divided by 2276.
22
Calculate the remainder when 5110 is divided by 534.
304
Calculate the remainder when 83457 is divided by 156.
153
Calculate the remainder when 252389 is divided by 54.
47
Calculate the remainder when 27053 is divided by 4.
1
Calculate the remainder when 9518 is divided by 136.
134
What is the remainder when 1448 is divided by 935?
513
Calculate the remainder when 5664 is divided by 170.
54
What is the remainder when 5951 is divided by 5666?
285
Calculate the remainder when 49413 is divided by 242.
45
Calculate the remainder when 566200 is divided by 113240.
0
Calculate the remainder when 9379 is divided by 391.
386
Calculate the remainder when 72133 is divided by 183.
31
Calculate the remainder when 50994 is divided by 1545.
9
Calculate the remainder when 5021 is divided by 726.
665
What is the remainder when 13954 is divided by 2775?
79
Calculate the remainder when 5986 is divided by 1100.
486
Calculate the remainder when 131400 is divided by 4106.
8
Calculate the remainder when 1052411 is divided by 138.
23
What is the remainder when 3552 is divided by 132?
120
Calculate the remainder when 3276 is divided by 3012.
264
What is the remainder when 14588 is divided by 441?
35
What is the remainder when 15343 is divided by 80?
63
What is the remainder when 13873 is divided by 4624?
1
Calculate the remainder when 4298 is divided by 123.
116
What is the remainder when 758 is divided by 668?
90
Calculate the remainder when 12625 is divide